{"id":77,"date":"2015-08-19T02:24:33","date_gmt":"2015-08-19T02:24:33","guid":{"rendered":"http:\/\/residenciajesan.com\/wordpress\/?page_id=77"},"modified":"2017-10-16T02:28:19","modified_gmt":"2017-10-16T01:28:19","slug":"acuerdos-incyl","status":"publish","type":"page","link":"https:\/\/residenciajesan.com\/wordpress\/acuerdos-incyl\/","title":{"rendered":"Acuerdos Incyl"},"content":{"rendered":"<p>En<span class=\"Estilo66\"> Residencia Jes\u00e1n <\/span>siempre buscamos la mejora en la calidad que ofrecemos a nuestros mayores, por ello desarrollamos junto al Instituto de Neurociencias de Castilla y Le\u00f3n y la Universidad de Salamanca proyectos de investigaci\u00f3n, a fin de dar las terapias m\u00e1s adecuadas con el firme objetivo de mejorar la salud y calidad de vida\u00a0de nuestros residentes.<\/p>\n<p>Programas de investigaci\u00f3n desarrollados:<\/p>\n<p><a href=\"http:\/\/residenciajesan.com\/wordpress\/wp-content\/uploads\/2015\/08\/incyl-residencia-jesan-1.jpg\"><img loading=\"lazy\" decoding=\"async\" class=\"aligncenter wp-image-225 size-full\" src=\"http:\/\/residenciajesan.com\/wordpress\/wp-content\/uploads\/2015\/08\/incyl-residencia-jesan-1.jpg\" alt=\"incyl residencia jesan 1\" width=\"525\" height=\"749\" srcset=\"https:\/\/residenciajesan.com\/wordpress\/wp-content\/uploads\/2015\/08\/incyl-residencia-jesan-1.jpg 525w, https:\/\/residenciajesan.com\/wordpress\/wp-content\/uploads\/2015\/08\/incyl-residencia-jesan-1-210x300.jpg 210w, https:\/\/residenciajesan.com\/wordpress\/wp-content\/uploads\/2015\/08\/incyl-residencia-jesan-1-400x571.jpg 400w\" sizes=\"auto, (max-width: 525px) 100vw, 525px\" \/><\/a><\/p>\n<p>&nbsp;<\/p>\n<p><a href=\"http:\/\/residenciajesan.com\/wordpress\/wp-content\/uploads\/2015\/08\/incyl-residencia-jesan-2.jpg\"><img loading=\"lazy\" decoding=\"async\" class=\"size-full wp-image-226 aligncenter\" src=\"http:\/\/residenciajesan.com\/wordpress\/wp-content\/uploads\/2015\/08\/incyl-residencia-jesan-2.jpg\" alt=\"incyl residencia jesan 2\" width=\"526\" height=\"749\" srcset=\"https:\/\/residenciajesan.com\/wordpress\/wp-content\/uploads\/2015\/08\/incyl-residencia-jesan-2.jpg 526w, https:\/\/residenciajesan.com\/wordpress\/wp-content\/uploads\/2015\/08\/incyl-residencia-jesan-2-211x300.jpg 211w, https:\/\/residenciajesan.com\/wordpress\/wp-content\/uploads\/2015\/08\/incyl-residencia-jesan-2-400x570.jpg 400w\" sizes=\"auto, (max-width: 526px) 100vw, 526px\" \/><\/a><\/p>\n","protected":false},"excerpt":{"rendered":"<p>En Residencia Jes\u00e1n siempre buscamos la mejora en la calidad que ofrecemos a nuestros mayores, por ello desarrollamos junto al Instituto de Neurociencias de Castilla y Le\u00f3n y la Universidad de Salamanca proyectos de investigaci\u00f3n, a fin de dar las terapias m\u00e1s adecuadas con el firme objetivo de mejorar la salud y calidad de vida\u00a0de &hellip; <a href=\"https:\/\/residenciajesan.com\/wordpress\/acuerdos-incyl\/\" class=\"more-link\">Seguir leyendo <span class=\"screen-reader-text\">Acuerdos Incyl<\/span> <span class=\"meta-nav\">&rarr;<\/span><\/a><\/p>\n","protected":false},"author":1,"featured_media":0,"parent":0,"menu_order":0,"comment_status":"closed","ping_status":"closed","template":"template-full-width.php","meta":{"footnotes":""},"class_list":["post-77","page","type-page","status-publish","hentry"],"_links":{"self":[{"href":"https:\/\/residenciajesan.com\/wordpress\/wp-json\/wp\/v2\/pages\/77","targetHints":{"allow":["GET"]}}],"collection":[{"href":"https:\/\/residenciajesan.com\/wordpress\/wp-json\/wp\/v2\/pages"}],"about":[{"href":"https:\/\/residenciajesan.com\/wordpress\/wp-json\/wp\/v2\/types\/page"}],"author":[{"embeddable":true,"href":"https:\/\/residenciajesan.com\/wordpress\/wp-json\/wp\/v2\/users\/1"}],"replies":[{"embeddable":true,"href":"https:\/\/residenciajesan.com\/wordpress\/wp-json\/wp\/v2\/comments?post=77"}],"version-history":[{"count":9,"href":"https:\/\/residenciajesan.com\/wordpress\/wp-json\/wp\/v2\/pages\/77\/revisions"}],"predecessor-version":[{"id":227,"href":"https:\/\/residenciajesan.com\/wordpress\/wp-json\/wp\/v2\/pages\/77\/revisions\/227"}],"wp:attachment":[{"href":"https:\/\/residenciajesan.com\/wordpress\/wp-json\/wp\/v2\/media?parent=77"}],"curies":[{"name":"wp","href":"https:\/\/api.w.org\/{rel}","templated":true}]}}