{"id":90,"date":"2015-08-19T02:33:27","date_gmt":"2015-08-19T02:33:27","guid":{"rendered":"http:\/\/residenciajesan.com\/wordpress\/?page_id=90"},"modified":"2020-01-03T18:25:56","modified_gmt":"2020-01-03T17:25:56","slug":"nuevas-tecnologias","status":"publish","type":"page","link":"https:\/\/residenciajesan.com\/wordpress\/nuevas-tecnologias\/","title":{"rendered":"Nuevas tecnolog\u00edas"},"content":{"rendered":"<p>Residencia Jes\u00e1n acerca las nuevas tecnolog\u00edas a sus mayores. Dispone de una sala habilitada con equipos inform\u00e1ticos\u00a0al alcance de todos ellos.\u00a0Cada d\u00eda la\u00a0tecnolog\u00eda evoluciona y se hace m\u00e1s amigable y por tanto m\u00e1s f\u00e1cil de interaccionar con ella, tanto para j\u00f3venes como para mayores.<\/p>\n<p>La capacidad visual, auditiva y la p\u00e9rdida de memoria son situaciones que pueden parecer un obst\u00e1culo para el uso\u00a0estas nuevas tecnolog\u00edas, sin embargo, en Residencia Jes\u00e1n disponemos de equipos inform\u00e1ticos que se adaptan a la necesidad de cada usuario, facilitando el aprendizaje.<\/p>\n<p>Residencia Jes\u00e1n conoce los beneficios del uso de las nuevas tecnolog\u00edas y por ello ayuda a sus mayores en el inicio y desarrollo de esta actividad. Las tecnolog\u00edas que inicialmente se crearon como herramientas de c\u00e1lculo y escritura, se han transformado\u00a0en herramientas de comunicaci\u00f3n.<\/p>\n<p>Una de las posibilidades m\u00e1s significativas de\u00a0su uso por personas mayores, es la ayuda que\u00a0proporcionan ampliando sus relaciones sociales y mejorando su\u00a0autonom\u00eda personal, as\u00ed como su capacidad comunicativa.<\/p>\n<p>Es una actividad muy demandada por nuestros mayores que entre otras cosas les permite\u00a0ampliar las capacidades del intelecto. En Residencia Jes\u00e1n les ayudamos\u00a0a conocer\u00a0las ventajas de las nuevas tecnolog\u00edas, a adaptarse y evolucionar.<\/p>\n<p>En nuestra aula de inform\u00e1tica aprender\u00e1n desde c\u00f3mo manejar un equipo inform\u00e1tico hasta c\u00f3mo acceder a informaci\u00f3n de inter\u00e9s tal y como puede ser\u00a0prensa, cultura y salud, sin olvidar\u00a0el contacto mediante correos electr\u00f3nicos\u00a0y videoconferencias con amigos y familiares.<\/p>\n<p>Los\u00a0nuevos retos son un fant\u00e1stico aliciente para motivar a las personas\u00a0y ayudarles a\u00a0superar situaciones dif\u00edciles, siendo\u00a0tecnolog\u00eda es un reto para aquellos que no han crecido rodeados de ella.<\/p>\n<p>Desde Residencia Jes\u00e1n\u00a0apostamos por el beneficio que las nuevas tecnolog\u00edas\u00a0pueden aportar a nuestros residentes, introduciendo a los mayores en las mismas\u00a0de manera progresiva a la vez que provechosa y poniendo\u00a0en marcha estrategias\u00a0de motivaci\u00f3n y aprendizaje que permiten una mejor adaptaci\u00f3n a las personas mayores en el campo de las nuevas tecnolog\u00edas.<\/p>\n","protected":false},"excerpt":{"rendered":"<p>Residencia Jes\u00e1n acerca las nuevas tecnolog\u00edas a sus mayores. Dispone de una sala habilitada con equipos inform\u00e1ticos\u00a0al alcance de todos ellos.\u00a0Cada d\u00eda la\u00a0tecnolog\u00eda evoluciona y se hace m\u00e1s amigable y por tanto m\u00e1s f\u00e1cil de interaccionar con ella, tanto para j\u00f3venes como para mayores. La capacidad visual, auditiva y la p\u00e9rdida de memoria son situaciones &hellip; <a href=\"https:\/\/residenciajesan.com\/wordpress\/nuevas-tecnologias\/\" class=\"more-link\">Seguir leyendo <span class=\"screen-reader-text\">Nuevas tecnolog\u00edas<\/span> <span class=\"meta-nav\">&rarr;<\/span><\/a><\/p>\n","protected":false},"author":1,"featured_media":0,"parent":0,"menu_order":0,"comment_status":"closed","ping_status":"closed","template":"template-full-width.php","meta":{"footnotes":""},"class_list":["post-90","page","type-page","status-publish","hentry"],"_links":{"self":[{"href":"https:\/\/residenciajesan.com\/wordpress\/wp-json\/wp\/v2\/pages\/90","targetHints":{"allow":["GET"]}}],"collection":[{"href":"https:\/\/residenciajesan.com\/wordpress\/wp-json\/wp\/v2\/pages"}],"about":[{"href":"https:\/\/residenciajesan.com\/wordpress\/wp-json\/wp\/v2\/types\/page"}],"author":[{"embeddable":true,"href":"https:\/\/residenciajesan.com\/wordpress\/wp-json\/wp\/v2\/users\/1"}],"replies":[{"embeddable":true,"href":"https:\/\/residenciajesan.com\/wordpress\/wp-json\/wp\/v2\/comments?post=90"}],"version-history":[{"count":11,"href":"https:\/\/residenciajesan.com\/wordpress\/wp-json\/wp\/v2\/pages\/90\/revisions"}],"predecessor-version":[{"id":821,"href":"https:\/\/residenciajesan.com\/wordpress\/wp-json\/wp\/v2\/pages\/90\/revisions\/821"}],"wp:attachment":[{"href":"https:\/\/residenciajesan.com\/wordpress\/wp-json\/wp\/v2\/media?parent=90"}],"curies":[{"name":"wp","href":"https:\/\/api.w.org\/{rel}","templated":true}]}}