{"id":93,"date":"2015-08-19T02:41:21","date_gmt":"2015-08-19T02:41:21","guid":{"rendered":"http:\/\/residenciajesan.com\/wordpress\/?page_id=93"},"modified":"2019-09-11T22:00:39","modified_gmt":"2019-09-11T21:00:39","slug":"contacto","status":"publish","type":"page","link":"https:\/\/residenciajesan.com\/wordpress\/contacto\/","title":{"rendered":"Contacto"},"content":{"rendered":"<p><span class=\"Estilo39\">Puede ponerse en contacto con Residencia Jes\u00e1n a trav\u00e9s del <strong>tel\u00e9fono 923320394. <\/strong><\/span><span class=\"Estilo42\">El horario de contacto es de 11:00h. a 14:00h. y de 17:00h. a 20:00h:<\/span><\/p>\n<p><span class=\"Estilo33\"><span class=\"Estilo46\">Si lo desea, puede contactar con nosotros a trav\u00e9s del siguiente formulario.<\/span> <span class=\"Estilo40\">Residencia Jes\u00e1n<\/span> <\/span><span class=\"Estilo42\">se pondr\u00e1 en contacto <\/span><span class=\"Estilo46\">con usted lo antes posible:<\/span><\/p>\n<p>[contact-form-7 id=\u00bb83&#8243; title=\u00bbFormulario de contacto 1&#8243;]<\/p>\n","protected":false},"excerpt":{"rendered":"<p>Puede ponerse en contacto con Residencia Jes\u00e1n a trav\u00e9s del tel\u00e9fono 923320394. El horario de contacto es de 11:00h. a 14:00h. y de 17:00h. a 20:00h: Si lo desea, puede contactar con nosotros a trav\u00e9s del siguiente formulario. Residencia Jes\u00e1n se pondr\u00e1 en contacto con usted lo antes posible: [contact-form-7 id=\u00bb83&#8243; title=\u00bbFormulario de contacto 1&#8243;]<\/p>\n","protected":false},"author":1,"featured_media":0,"parent":0,"menu_order":0,"comment_status":"closed","ping_status":"closed","template":"template-full-width.php","meta":{"footnotes":""},"class_list":["post-93","page","type-page","status-publish","hentry"],"_links":{"self":[{"href":"https:\/\/residenciajesan.com\/wordpress\/wp-json\/wp\/v2\/pages\/93","targetHints":{"allow":["GET"]}}],"collection":[{"href":"https:\/\/residenciajesan.com\/wordpress\/wp-json\/wp\/v2\/pages"}],"about":[{"href":"https:\/\/residenciajesan.com\/wordpress\/wp-json\/wp\/v2\/types\/page"}],"author":[{"embeddable":true,"href":"https:\/\/residenciajesan.com\/wordpress\/wp-json\/wp\/v2\/users\/1"}],"replies":[{"embeddable":true,"href":"https:\/\/residenciajesan.com\/wordpress\/wp-json\/wp\/v2\/comments?post=93"}],"version-history":[{"count":3,"href":"https:\/\/residenciajesan.com\/wordpress\/wp-json\/wp\/v2\/pages\/93\/revisions"}],"predecessor-version":[{"id":735,"href":"https:\/\/residenciajesan.com\/wordpress\/wp-json\/wp\/v2\/pages\/93\/revisions\/735"}],"wp:attachment":[{"href":"https:\/\/residenciajesan.com\/wordpress\/wp-json\/wp\/v2\/media?parent=93"}],"curies":[{"name":"wp","href":"https:\/\/api.w.org\/{rel}","templated":true}]}}

<p><span class="Estilo39">Puede ponerse en contacto con Residencia Jesán a través del <strong>teléfono 923320394. </strong></span><span class="Estilo42">El horario de contacto es de 11:00h. a 14:00h. y de 17:00h. a 20:00h:</span></p>
<p><span class="Estilo33"><span class="Estilo46">Si lo desea, puede contactar con nosotros a través del siguiente formulario.</span> <span class="Estilo40">Residencia Jesán</span> </span><span class="Estilo42">se pondrá en contacto </span><span class="Estilo46">con usted lo antes posible:</span></p>
<p>[contact-form-7 id=»83&#8243; title=»Formulario de contacto 1&#8243;]</p>

<p>Puede ponerse en contacto con Residencia Jesán a través del teléfono 923320394. El horario de contacto es de 11:00h. a 14:00h. y de 17:00h. a 20:00h: Si lo desea, puede contactar con nosotros a través del siguiente formulario. Residencia Jesán se pondrá en contacto con usted lo antes posible: [contact-form-7 id=»83&#8243; title=»Formulario de contacto 1&#8243;]</p>
