{"id":994,"date":"2020-08-31T06:31:08","date_gmt":"2020-08-31T05:31:08","guid":{"rendered":"http:\/\/residenciajesan.com\/wordpress\/?page_id=994"},"modified":"2020-08-31T06:31:32","modified_gmt":"2020-08-31T05:31:32","slug":"reclamacion","status":"publish","type":"page","link":"https:\/\/residenciajesan.com\/wordpress\/reclamacion\/","title":{"rendered":"Reclamaci\u00f3n"},"content":{"rendered":"\n<p>Puede interponer una reclamaci\u00f3n a trav\u00e9s del siguiente formulario. Residencia Jes\u00e1n le responder\u00e1 lo antes posible:<\/p>\n\n\n<p>[contact-form-7 id=\u00bb992&#8243; title=\u00bbReclamaci\u00f3n\u00bb]<\/p>\n","protected":false},"excerpt":{"rendered":"<p>Puede interponer una reclamaci\u00f3n a trav\u00e9s del siguiente formulario. Residencia Jes\u00e1n le responder\u00e1 lo antes posible:<\/p>\n","protected":false},"author":2,"featured_media":0,"parent":0,"menu_order":0,"comment_status":"closed","ping_status":"closed","template":"","meta":{"footnotes":""},"class_list":["post-994","page","type-page","status-publish","hentry"],"_links":{"self":[{"href":"https:\/\/residenciajesan.com\/wordpress\/wp-json\/wp\/v2\/pages\/994","targetHints":{"allow":["GET"]}}],"collection":[{"href":"https:\/\/residenciajesan.com\/wordpress\/wp-json\/wp\/v2\/pages"}],"about":[{"href":"https:\/\/residenciajesan.com\/wordpress\/wp-json\/wp\/v2\/types\/page"}],"author":[{"embeddable":true,"href":"https:\/\/residenciajesan.com\/wordpress\/wp-json\/wp\/v2\/users\/2"}],"replies":[{"embeddable":true,"href":"https:\/\/residenciajesan.com\/wordpress\/wp-json\/wp\/v2\/comments?post=994"}],"version-history":[{"count":2,"href":"https:\/\/residenciajesan.com\/wordpress\/wp-json\/wp\/v2\/pages\/994\/revisions"}],"predecessor-version":[{"id":996,"href":"https:\/\/residenciajesan.com\/wordpress\/wp-json\/wp\/v2\/pages\/994\/revisions\/996"}],"wp:attachment":[{"href":"https:\/\/residenciajesan.com\/wordpress\/wp-json\/wp\/v2\/media?parent=994"}],"curies":[{"name":"wp","href":"https:\/\/api.w.org\/{rel}","templated":true}]}}